{"id":929,"date":"2018-04-26T11:26:05","date_gmt":"2018-04-26T14:26:05","guid":{"rendered":"https:\/\/www.apaelondrina.com.br\/?page_id=929"},"modified":"2018-05-21T14:49:01","modified_gmt":"2018-05-21T17:49:01","slug":"escolasantarita","status":"publish","type":"page","link":"https:\/\/www.apaelondrina.com.br\/?page_id=929","title":{"rendered":"APAE Londrina &#8211; Escola de E. E. Santa Rita"},"content":{"rendered":"<p>[vc_row][vc_column]<div class=\"vc-bootstrap-tabs row\">\n\t\n\t<div class=\"col-xs-12 col-sm-12 col-md-4 col-lg-3\">\n\n\t\t<div class=\"wrap-nav\">\n\n\t\t\t<h4>Conte\u00fados<\/h4>\n\t\t\t\n\t\t\t<ul class=\"nav nav-tabs\" role=\"tablist\">\n\n\t\t        \n<li class=\"nav-tab active\">\n\n    <a href=\"#tab-1-1778848000966\" aria-controls=\"tab-1-1778848000966\" role=\"tab\" data-toggle=\"tab\">\n\n        <i class='zmdi-library'><\/i>Hist\u00f3rico    <\/a>\n<\/li>\n\n<li class=\"nav-tab \">\n\n    <a href=\"#tab-2-1778848000231\" aria-controls=\"tab-2-1778848000231\" role=\"tab\" data-toggle=\"tab\">\n\n        <i class='zmdi-assignment-check'><\/i>Objetivos    <\/a>\n<\/li>\n\n<li class=\"nav-tab \">\n\n    <a href=\"#tab-3-1778848000954\" aria-controls=\"tab-3-1778848000954\" role=\"tab\" data-toggle=\"tab\">\n\n        <i class='zmdi-home'><\/i>Caracteriza\u00e7\u00e3o da Escola    <\/a>\n<\/li>\n\n\t\t    <\/ul><!-- Nav tabs -->\n\t    <\/div>\n    <\/div>\n\n    <div class=\"col-xs-12 col-sm-12 col-md-8 col-lg-9\">\n\n\t    <div class=\"tab-content\">\n\n\t        <div role=\"tabpanel\" class=\"tab-pane active\" id=\"tab-1-1778848000966\">[vc_row_inner][vc_column_inner][vc_column_text]<\/p>\n<h4>Hist\u00f3rico<\/h4>\n<p>A Escola de Educa\u00e7\u00e3o Especial Santa Rita iniciou suas atividades em 20 de maio de 1972 em pr\u00e9dio cedido em comodato, assim permanecendo por dois anos, transferindo-se primeiramente para um pr\u00e9dio alugado no Jardim do Sol, onde permaneceu por quatro anos e posteriormente para o pr\u00e9dio alugado no bairro Shangri-La, zona A, onde permaneceu at\u00e9 o final de 1982, mudou-se ent\u00e3o para a sua sede pr\u00f3pria em 15 de dezembro de 1982. Atrav\u00e9s dela, a APAE vem cumprindo suas finalidades estatut\u00e1rias.[\/vc_column_text][\/vc_column_inner][\/vc_row_inner]<\/div><div role=\"tabpanel\" class=\"tab-pane \" id=\"tab-2-1778848000231\">[vc_row_inner][vc_column_inner][vc_column_text]<\/p>\n<h4>Objetivos<\/h4>\n<p>Confira abaixo os principais objetivos da Escola de Educa\u00e7\u00e3o Especial Santa Rita.<\/p>\n<ul>\n<li>Conceder est\u00e1gios a estudantes e profissionais de \u00e1reas afins \u00e0 educa\u00e7\u00e3o e reabilita\u00e7\u00e3o da pessoa com defici\u00eancia intelectual, em conformidade com o exposto no Regulamento de Est\u00e1gio da Escola de Educa\u00e7\u00e3o Especial Santa Rita.<\/li>\n<li>Desenvolver os subprogramas de forma integrada, sem a preval\u00eancia de um sobre o outro, utilizando-se de todos os meios e recursos dispon\u00edveis para o alcance das a\u00e7\u00f5es de car\u00e1ter socioeducativo;<\/li>\n<li>Informar e esclarecer a sociedade em geral, quanto \u00e0s quest\u00f5es inerentes as pessoas com defici\u00eancia intelectual e a parcela que lhe cabe no processo de educa\u00e7\u00e3o\/reabilita\u00e7\u00e3o dessas pessoas;<\/li>\n<li>Orientar pais e outros familiares, a fim de que possam integrar-se e colaborar ativamente no processo de educa\u00e7\u00e3o\/reabilita\u00e7\u00e3o do indiv\u00edduo;<\/li>\n<li>Proporcionar aten\u00e7\u00e3o integral \u00e0 crian\u00e7a e ao adolescente, atrav\u00e9s da constru\u00e7\u00e3o de uma filosofia e linha metodol\u00f3gica interdisciplinar;<\/li>\n<li>Proporcionar atendimento educacional e de reabilita\u00e7\u00e3o \u00e0 pessoa com defici\u00eancia intelectual, com fins de desenvolver suas potencialidades e tornar-se uma pessoa produtiva e integrada ao seu meio familiar e social;<\/li>\n<li>Resgatar a pessoa enquanto membro da sociedade, preparando-a para o exerc\u00edcio da cidadania e sua qualifica\u00e7\u00e3o para o trabalho.<\/li>\n<\/ul>\n<p>[\/vc_column_text][\/vc_column_inner][\/vc_row_inner]<\/div><div role=\"tabpanel\" class=\"tab-pane \" id=\"tab-3-1778848000954\">[vc_row_inner][vc_column_inner][vc_column_text]<\/p>\n<h4>Caracteriza\u00e7\u00e3o da Escola<\/h4>\n<p>A Escola de Educa\u00e7\u00e3o Especial Santa Rita presta atendimento a pessoas com defici\u00eancia intelectual de n\u00edvel moderado e severo. Atualmente contamos com 279 alunos regularmente matriculados nos setores: Escolar (0 a 15 anos e 11 meses), Educa\u00e7\u00e3o Profissional (a partir de 16 anos).Esses alunos s\u00e3o atendidos nos turnos matutino e vespertino, sendo o atendimento de 4 horas cada turno. Hoje a escola oferece aos alunos atendimentos nos seguintes programas:[\/vc_column_text][\/vc_column_inner][\/vc_row_inner][vc_tta_accordion c_position=&#8221;right&#8221; active_section=&#8221;4&#8243; collapsible_all=&#8221;true&#8221;][vc_tta_section title=&#8221;Inform\u00e1tica&#8221; tab_id=&#8221;1524757140598-bb4157c0-67d3&#8243;][vc_column_text]<strong>Objetivos<\/strong><\/p>\n<p>O objetivo geral \u00e9 proporcionar ao aluno o contato com a Inform\u00e1tica, a fim de que o computador seja um recurso que auxilie no seu processo de aprendizagem e reforce os conte\u00fados curriculares trabalhados em sala de aula, de maneira mais interativa e prazerosa, contribuindo, assim, para o desenvolvimento de sua capacidade de aten\u00e7\u00e3o, concentra\u00e7\u00e3o e autonomia, al\u00e9m de integr\u00e1-lo ao mundo da tecnologia moderna.<\/p>\n<p><strong>Din\u00e2mica do Setor<\/strong><\/p>\n<p>O Laborat\u00f3rio de inform\u00e1tica da APAE obtido atrav\u00e9s do PROINESP, \u00e9 constitu\u00eddo por onze m\u00e1quinas, al\u00e9m de todos os acess\u00f3rios\u00a0 necess\u00e1rios ao seu bom funcionamento.<\/p>\n<p>Os alunos frequentam uma aula semanal, com dura\u00e7\u00e3o de 55 minutos. Todas as turmas s\u00e3o acompanhadas pelo professor e auxiliar (quando a turma j\u00e1 conta com este profissional) e o professor respons\u00e1vel pelo laborat\u00f3rio de inform\u00e1tica.<\/p>\n<p>As aulas foram preparadas de acordo com o planejamento do professor de sala, a partir dos temas e conte\u00fados passados. As aulas de inform\u00e1tica s\u00e3o desenvolvidas e trabalhadas, quando poss\u00edvel, com programas e atividades pertinentes aos programas inseridos no curr\u00edculo.<\/p>\n<p><strong>Atividades Desenvolvidas<\/strong><\/p>\n<p>As atividades desenvolvidas est\u00e3o relacionadas a:<\/p>\n<ul>\n<li>Alfabetiza\u00e7\u00e3o envolvendo produ\u00e7\u00e3o de textos coletivos e individuais, digita\u00e7\u00e3o de palavras, frases e pequenos textos;<\/li>\n<li>Envio de e-mail, leitura e escrita;<\/li>\n<li>Opera\u00e7\u00f5es matem\u00e1ticas;<\/li>\n<li>Percep\u00e7\u00e3o visual, auditiva, temporal e espacial, aten\u00e7\u00e3o e concentra\u00e7\u00e3o;<\/li>\n<li>Interpreta\u00e7\u00e3o;<\/li>\n<li>Coordena\u00e7\u00e3o motora e manuseio do mouse;<\/li>\n<li>Montagem de quebra-cabe\u00e7a;<\/li>\n<li>Produ\u00e7\u00e3o de hist\u00f3rias em quadrinhos;<\/li>\n<li>Reprodu\u00e7\u00e3o de CD e DVD;<\/li>\n<li>Pesquisa na internet;<\/li>\n<li>Manuseio e uso do Word.<\/li>\n<\/ul>\n<p><strong>Recursos Utilizados<\/strong><\/p>\n<p>Programas e equipamentos computacionais, softwares educacionais, letras m\u00f3veis, figuras, textos, CDs, DVDs e quadro branco.[\/vc_column_text][\/vc_tta_section][vc_tta_section title=&#8221;Educa\u00e7\u00e3o Art\u00edstica&#8221; tab_id=&#8221;1524757140602-ec014ac9-d382&#8243;][vc_column_text]<strong>Objetivos <\/strong><\/p>\n<p>Desenvolver capacidades, habilidades e compet\u00eancias referentes \u00e0 sensibiliza\u00e7\u00e3o art\u00edsticas em todas as suas dimens\u00f5es.<\/p>\n<p><strong>Artes visuais<\/strong><\/p>\n<ul>\n<li>Conhecer aspectos de artes visuais, diversos g\u00eaneros, per\u00edodos, movimentos art\u00edsticos;<\/li>\n<li>Adquirir gosto pela est\u00e9tica atrav\u00e9s de diversas t\u00e9cnicas bi e tri dimensionais: pintura, colagem, escultura, desenhos, maquetes, pain\u00e9is, artigos de artesanato e decora\u00e7\u00e3o, visualiza\u00e7\u00e3o e reprodu\u00e7\u00e3o de obras de autores, estudos das cores prim\u00e1rias, secund\u00e1rias, e mistura de cores, formas geom\u00e9tricas em objetos, natureza e cotidiano;<\/li>\n<li>Manipular mat\u00e9rias, objetos, quantidade, formas, assim como experiment\u00e1-los atrav\u00e9s de pinc\u00e9is, pap\u00e9is e texturas explorando-os, manipulando-os, sentindo-os, rasgando, amassando, juntando, separando, rosqueando, sobrepondo, justapondo, esfregando e colando;<\/li>\n<li>Criar artigos c\u00eanicos para datas comemorativas e atividades c\u00edvicas.<\/li>\n<\/ul>\n<p><strong>Artes Musicais<\/strong><\/p>\n<ul>\n<li>Agu\u00e7ar o gosto musical, aprecia\u00e7\u00e3o de obras diversas de g\u00eaneros, estilos e per\u00edodos, contato com ritmo, sensibiliza\u00e7\u00e3o quanto aos par\u00e2metros de som (altura, intensidade, timbre e dura\u00e7\u00e3o), jogos musicais, escuta e observa\u00e7\u00e3o de atividades musicais, reconhecimento e nomenclatura de instrumentos musicais;<\/li>\n<li>Desenvolver a coordena\u00e7\u00e3o r\u00edtmica e conhecer aspectos da t\u00e9cnica vocal;<\/li>\n<li>Criar, improvisar, desenvolver a percep\u00e7\u00e3o e mem\u00f3ria auditiva, adquirir h\u00e1bitos de disciplina, concentra\u00e7\u00e3o individual e coletiva dos alunos;<\/li>\n<li>Desenvolver aspectos sensoriais, auditivos, ampliar o repert\u00f3rio;<\/li>\n<li>Reconhecer g\u00eaneros e estilos musicais, explorar sons corporais e instrumentais e participa\u00e7\u00e3o em eventos juntos \u00e0 grupos musicais como fanfarra, diversas forma\u00e7\u00f5es.<\/li>\n<\/ul>\n<p><strong>Dan\u00e7a<\/strong><\/p>\n<ul>\n<li>Adquirir h\u00e1bitos de disciplina, concentra\u00e7\u00e3o individual e coletiva atrav\u00e9s da dan\u00e7a de g\u00eaneros, ritmos e movimentos diversos;<\/li>\n<li>Expressar a sensibilidade com movimentos corporais, desenvolvendo o sensorial, auditivo, visual, t\u00e1til, capacidade psicomotora, socializa\u00e7\u00e3o, criatividade, coordena\u00e7\u00e3o;<\/li>\n<li>Sincronia de passos e coreografia, explora\u00e7\u00e3o de sons corporais, repeti\u00e7\u00e3o de movimentos espec\u00edficos (m\u00e3os, p\u00e9s, cabe\u00e7as) e suas possibilidades combinat\u00f3rias;<\/li>\n<li>Perceber aspectos de melodia, harmonia e ritmo por meio de coreografia, produ\u00e7\u00f5es musicais e culturais, mostras de dan\u00e7as, exerc\u00edcios e movimentos corporais, desenvolver a lateralidade e consci\u00eancia corporal.<\/li>\n<\/ul>\n<p><strong>Artes Teatrais<\/strong><\/p>\n<ul>\n<li>Expressar-se atrav\u00e9s de diversas linguagens corporais\/gestuais, voz;<\/li>\n<li>Conhecer elementos teatrais como: personagens, cen\u00e1rios, figurinos, maquiagens;<\/li>\n<li>Desenvolver aspectos como: dic\u00e7\u00e3o, articula\u00e7\u00e3o, respira\u00e7\u00e3o, proje\u00e7\u00e3o de voz, express\u00e3o corporal, marca\u00e7\u00f5es, criatividade e improviso;<\/li>\n<li>Desenvolver a autoconfian\u00e7a e discernimento ao experimentar diversas t\u00e9cnicas de g\u00eaneros teatrais como: drama, com\u00e9dia, romance, hist\u00f3rias \u00e9picas e b\u00edblicas;<\/li>\n<li>Desenvolver a compreens\u00e3o textual como: hist\u00f3rias, textos, di\u00e1logos, mon\u00f3logos;<\/li>\n<li>Participa\u00e7\u00e3o em espet\u00e1culos comemorativos, dramatiza\u00e7\u00f5es, jogos c\u00eanicos (m\u00edmicas, etc), utilizando diversas m\u00eddias.<\/li>\n<\/ul>\n<p><strong>Estrutura e din\u00e2mica do trabalho<\/strong><\/p>\n<ul>\n<li>As aulas de arte acontecem tr\u00eas vezes por semana, com dura\u00e7\u00e3o de 55 minutos cada. As turmas s\u00e3o compostas por alunos dos setores: escolar e profissional;<\/li>\n<li>A din\u00e2mica acontece separadamente nos diversos eixos da arte: Artes Visuais, M\u00fasica, dan\u00e7a e Teatro;<\/li>\n<li>Os espa\u00e7os s\u00e3o divididos em tr\u00eas salas de arte e uma de m\u00fasica e dan\u00e7a e quadra para apresenta\u00e7\u00f5es e teatro;<\/li>\n<li>Como estrat\u00e9gia metodol\u00f3gica realiza-se brincadeiras, jogos, pr\u00e1ticas individuais e coletivas, dramatiza\u00e7\u00f5es, produ\u00e7\u00f5es, sonoriza\u00e7\u00f5es, audi\u00e7\u00f5es, execu\u00e7\u00e3o com instrumentos musicais, participa\u00e7\u00e3o em eventos internos e externos;<\/li>\n<li>As avalia\u00e7\u00f5es s\u00e3o realizadas anualmente considerando desenvolvimento e resultados obtidos pelos alunos no decorrer dos processos;<\/li>\n<li>As atividades requerem recursos materiais como: art\u00edsticos, musicais, instrumentos musicais, \u00e1udio visual, textual.<\/li>\n<\/ul>\n<p>[\/vc_column_text][\/vc_tta_section][vc_tta_section title=&#8221;Educa\u00e7\u00e3o F\u00edsica&#8221; tab_id=&#8221;1524757742448-447fab61-6503&#8243;][vc_column_text]<strong>Objetivos <\/strong><\/p>\n<p>Atrav\u00e9s da Educa\u00e7\u00e3o F\u00edsica, oferecer ao aluno condi\u00e7\u00f5es de favorecer o desenvolvimento e aprimoramento das for\u00e7as: f\u00edsica, moral, c\u00edvica, ps\u00edquica e social, fazendo da educa\u00e7\u00e3o do corpo instrumento de equil\u00edbrio total do organismo.<\/p>\n<p><strong>Din\u00e2mica do Setor<\/strong><\/p>\n<p>O setor de Educa\u00e7\u00e3o F\u00edsica funciona em per\u00edodo integral atendendo todos os alunos com duas aulas semanais de 55 minutos cada, sendo estas do mesmo turno. No per\u00edodo matutino e vespertino, faz-se uma carga hor\u00e1ria de 40 horas semanais destinadas ao atendimento regular de Educa\u00e7\u00e3o F\u00edsica (dois professores em cada per\u00edodo com 20 horas cada).<\/p>\n<p><strong>Treinamento Desportivo<\/strong><\/p>\n<p>O programa de treinamento desportivo busca a descoberta de novos talentos esportivos e a especializa\u00e7\u00e3o de atletas em busca de resultados atrav\u00e9s de protocolos de treinamento desportivo espec\u00edficos para as modalidades, como: Atletismo, Basquetebol, Futsal, Gin\u00e1stica R\u00edtmica e Gin\u00e1stica Art\u00edstica.<\/p>\n<p><strong>Objetivos Relacionados \u00e0 Sa\u00fade dos Atletas<\/strong><\/p>\n<ul>\n<li>Melhoria na qualidade de vida atrav\u00e9s da pr\u00e1tica de atividade f\u00edsica;<\/li>\n<li>Melhoria da autoestima e interesse pelo esporte.<\/li>\n<\/ul>\n<p><strong>Objetivos Relacionados ao Desempenho dos Atletas<\/strong><\/p>\n<ul>\n<li>Participa\u00e7\u00e3o em campeonatos regionais;<\/li>\n<li>Participa\u00e7\u00e3o em jogos Colegiais do Paran\u00e1;<\/li>\n<li>Atingir o \u00edndice classificat\u00f3rio, na modalidade de Atletismo, para participar do Campeonato Brasileiro Escolar Paraol\u00edmpico;<\/li>\n<li>Classificar atletas para a Sele\u00e7\u00e3o Paranaense de Atletismo e participar do Campeonato Brasileiro Especial de Atletismo;<\/li>\n<li>Classificar atletas para a Sele\u00e7\u00e3o Brasileira de Atletismo Paraol\u00edmpica e participar do Campeonato Mundial de Atletismo Paraol\u00edmpico;<\/li>\n<li>Classificar atletas para a Sele\u00e7\u00e3o Paranaense de Futsal e participar do Campeonato Brasileiro Especial de Futsal;<\/li>\n<li>Classificar atletas para a Sele\u00e7\u00e3o Paranaense de Basquetebol e participar do Campeonato Brasileiro Especial de Basquetebol;<\/li>\n<li>Classificar atletas para a Sele\u00e7\u00e3o Paranaense de Gin\u00e1stica Art\u00edstica e participar do Campeonato Brasileiro Especial de Gin\u00e1stica Art\u00edstica;<\/li>\n<li>Classificar atletas para a Sele\u00e7\u00e3o Paranaense de Gin\u00e1stica R\u00edtmica e participar do Campeonato Brasileiro Especial de Gin\u00e1stica R\u00edtmica.<\/li>\n<\/ul>\n<p>[\/vc_column_text][\/vc_tta_section][vc_tta_section title=&#8221;Educa\u00e7\u00e3o Infantil e Ensino Fundamental&#8221; tab_id=&#8221;1524757740794-b5bcb59a-cb0d&#8221;][vc_column_text]<strong>Educa\u00e7\u00e3o Infantil<\/strong><\/p>\n<ul>\n<li>Estimula\u00e7\u00e3o Essencial &#8211; 0 a 3 anos e 11 meses<\/li>\n<li>Educa\u00e7\u00e3o (Pr\u00e9-escolar) &#8211; 4 a 5 anos e 11 meses<\/li>\n<\/ul>\n<p><strong>Ensino Fundamental<\/strong><\/p>\n<ul>\n<li>Escolaridade I &#8211; 6 a 8 anos e 11 meses<\/li>\n<li>Escolaridade II &#8211; 9 a 11 anos e 11 meses<\/li>\n<li>Escolaridade III &#8211; 12 a 15 anos e 11 meses<\/li>\n<\/ul>\n<p><strong>Objetivos<\/strong><\/p>\n<p>Criar oportunidades variadas ao aluno de 0 a 15 anos e 11 meses, com atendimento educacional que seja adequado \u00e0s suas necessidades, enriquecendo seu desenvolvimento global, bem como as suas capacidades e potencialidades, possibilitando sua independ\u00eancia e espontaneidade; podendo assim participar da forma\u00e7\u00e3o mais ativa na sociedade, exercendo sua cidadania com senso cr\u00edtico e fazendo valer seus direitos e deveres.<\/p>\n<p><strong>Estrutura<\/strong><\/p>\n<p>Os Setores, de Educa\u00e7\u00e3o Infantil e Ensino Fundamental, da Escola de Educa\u00e7\u00e3o Especial Santa Rita funcionaram no \u00faltimo ano com uma coordenadora perfazendo 40 horas semanais nos per\u00edodos matutino e vespertino e contou com a seguinte equipe:<\/p>\n<ul>\n<li>20 professores regentes de sala<\/li>\n<li>3 auxiliares de sala<\/li>\n<li>2 atendentes de sala<\/li>\n<li>5 professores de Arte<\/li>\n<li>4 professores de Educa\u00e7\u00e3o F\u00edsica<\/li>\n<li>1 professor de Inform\u00e1tica (perfazendo 40 horas semanais)<\/li>\n<\/ul>\n<p><strong>Caracteriza\u00e7\u00e3o Dos Programas De Educa\u00e7\u00e3o Infantil<\/strong><\/p>\n<p style=\"padding-left: 30px;\"><strong>Programa Educa\u00e7\u00e3o Infantil e Estimula\u00e7\u00e3o Essencial<\/strong><\/p>\n<p style=\"padding-left: 30px;\">Destinado a crian\u00e7as de 0 a 3 anos e 11 meses de idade atrav\u00e9s de atividades l\u00fadicas com base no \u201cPortage\u201d desenvolvendo a crian\u00e7a com um todo nos seus aspectos f\u00edsico, motor, social, afetivo e cognitivo. Estimula\u00e7\u00e3o Essencial: O trabalho \u00e9 realizado em grupos de at\u00e9 seis alunos, neste n\u00edvel n\u00e3o h\u00e1 atividades de educa\u00e7\u00e3o f\u00edsica somente de educa\u00e7\u00e3o art\u00edstica.<\/p>\n<p style=\"padding-left: 30px;\"><strong>Educa\u00e7\u00e3o Infantil I<\/strong><\/p>\n<p style=\"padding-left: 30px;\">Destinado a crian\u00e7as de 4 a 6 anos, visa proporcionar condi\u00e7\u00f5es adequadas e favor\u00e1veis ao desenvolvimento nas dimens\u00f5es f\u00edsica, emocional, cognitiva e social. Orienta-se pelo Referencial Curricular Nacional para Educa\u00e7\u00e3o Infantil (MEC, SEF, 1998) e leituras cong\u00eaneres.<\/p>\n<p style=\"padding-left: 30px;\"><strong>Ensino Fundamental<\/strong><\/p>\n<p style=\"padding-left: 30px;\">O programa objetiva a forma\u00e7\u00e3o integral do aluno por meio de sua escolariza\u00e7\u00e3o. Contemplam o 1\u00ba ciclo de Ensino Fundamental, que tem por base para constru\u00e7\u00e3o de seus objetivos e defini\u00e7\u00e3o de conte\u00fados os Par\u00e2metros Curriculares Nacionais do Ensino Fundamental (MEC, SEF, 1998), com as devidas adapta\u00e7\u00f5es curriculares e complementares que s\u00e3o necess\u00e1rias.<\/p>\n<p>Trabalhamos tamb\u00e9m, em algumas turmas, atividades ocupacionais e funcionais com objetivo de torn\u00e1-los cada vez mais independentes e prepar\u00e1-los para o ingresso \u00e0 educa\u00e7\u00e3o profissional.[\/vc_column_text][\/vc_tta_section][vc_tta_section title=&#8221;Educa\u00e7\u00e3o Profissional&#8221; tab_id=&#8221;1524757735162-9656855f-30e9&#8243;][vc_column_text]<strong>Educa\u00e7\u00e3o Profissional (a partir de 16 anos)<\/strong><\/p>\n<ul>\n<li>Inicia\u00e7\u00e3o Profissional I &#8211; Atividades Pedag\u00f3gicas<\/li>\n<li>Inicia\u00e7\u00e3o Profissional II &#8211; Atividades Ocupacionais de Produ\u00e7\u00e3o<\/li>\n<li>Inicia\u00e7\u00e3o Profissional III &#8211; Atividades Ocupacionais Terap\u00eauticas<\/li>\n<li>Qualifica\u00e7\u00e3o Profissional<\/li>\n<\/ul>\n<p><strong>Objetivo<\/strong><\/p>\n<p>Proporcionar ao aprendiz acima de 16 anos e 11 meses de idade, ocupa\u00e7\u00e3o adequada as suas habilidades e individualidades, atrav\u00e9s de trabalhos diversificados, tornando-o \u00fatil \u00e0 sociedade e preparando-o posteriormente para coloca\u00e7\u00e3o no mercado de trabalho competitivo ou supervisionando, de acordo com o PECT (Processo de Educa\u00e7\u00e3o e Coloca\u00e7\u00e3o no Trabalho \u2013 Bras\u00edlia \/ Federa\u00e7\u00e3o Nacional das APAEs).<\/p>\n<p><strong>Estrutura<\/strong><\/p>\n<p>O Setor de Educa\u00e7\u00e3o Profissional contou com a seguinte equipe:<\/p>\n<ul>\n<li>1 Coordenadora Pedag\u00f3gica<\/li>\n<li>20 Professores regentes de sala<\/li>\n<li>2 Atendentes de sala<\/li>\n<li>3 Professores de Arte<\/li>\n<li>4 Professores de Educa\u00e7\u00e3o F\u00edsica<\/li>\n<li>1 Professor de Inform\u00e1tica<\/li>\n<li>1 Instrutor<\/li>\n<\/ul>\n<p>Preparando o aprendiz para atividades de vida pratica e profissional, aperfei\u00e7oando os conhecimentos necess\u00e1rios para futura coloca\u00e7\u00e3o no mercado de trabalho, encaminhando os aprendizes a est\u00e1gios e at\u00e9 coloca\u00e7\u00e3o no mercado de trabalho, este setor atendeu no \u00faltimo ano 177 alunos.<\/p>\n<p><strong>Caracteriza\u00e7\u00e3o dos Programas do Setor de Educa\u00e7\u00e3o Profissional<\/strong><\/p>\n<p style=\"padding-left: 30px;\"><strong>Oficina pedag\u00f3gica continuada do desenvolvimento acad\u00eamico\/inicializa\u00e7\u00e3o para o trabalho<\/strong><\/p>\n<p style=\"padding-left: 30px;\">Caracteriza-se pelo atendimento aos aprendizes mais independentes e com potencial acad\u00eamico, com o objetivo de oferecer manuten\u00e7\u00e3o aos conte\u00fados de leitura, escrita e matem\u00e1tica, adquiridos no decorrer de sua vida escolar e tamb\u00e9m iniciar atividades ocupacionais atrav\u00e9s de sondagens de habilidades e aptid\u00f5es. Os pressupostos que orientam o acad\u00eamico s\u00e3o alfabetiza\u00e7\u00e3o \u00e9 um processo que exige continuidade e sedimenta\u00e7\u00e3o, a educa\u00e7\u00e3o deve incorporar a cultura e a realidade vivencial do aluno jovem e adulto, como ponto de partida ao processo de ensino \u2013 aprendizagem, sem negar o valor dos conhecimentos pr\u00e1ticos e funcionais, deve potencializar o desenvolvimento do pensamento e da consci\u00eancia cr\u00edtica do educando. A escola cidad\u00e3 para jovens e adultos compromete-se com a valoriza\u00e7\u00e3o do ser humano dando espa\u00e7o para uma participa\u00e7\u00e3o ativa no mundo da pol\u00edtica e da cultura.<\/p>\n<p style=\"padding-left: 30px;\"><strong>Oficina protegida terap\u00eautica<\/strong><\/p>\n<p style=\"padding-left: 30px;\">Atende aprendizes acima de 15 anos e 11 meses com objetivos de sondar habilidades e aptid\u00f5es com atividades especificas atrav\u00e9s de varias oficinas como: bijuterias, bisqui, bordado, madeira, tape\u00e7aria, encaderna\u00e7\u00e3o, bolas decorativas, mosaicos, culin\u00e1ria, atividades de limpeza, quilling, pintura no tecido, etc.<\/p>\n<p style=\"padding-left: 30px;\">Tem como objetivo a continuidade de processo educacional dos educando que possuem significativo comprometimento intelectual e associados e que demandam de apoio cont\u00ednuo que favore\u00e7a e facilite sua participa\u00e7\u00e3o social desenvolvendo compet\u00eancias e habilidades b\u00e1sicas de autonomia pessoal, social da fam\u00edlia, escola e ambientes da comunidade.<\/p>\n<p style=\"padding-left: 30px;\"><strong>Oficina protegida de produ\u00e7\u00e3o \u2013 Marcenaria e Acabamento<\/strong><\/p>\n<p style=\"padding-left: 30px;\">Desenvolve-se atividades onde o aprendiz mostra suas habilidades necess\u00e1rias para desempenhar uma tarefa, executando-a com qualidade e responsabilidade, tendo como um dos objetivos o encaminhamento para o mercado de trabalho atrav\u00e9s de est\u00e1gios e posteriormente contrata\u00e7\u00f5es.<\/p>\n<p style=\"padding-left: 30px;\">Tem como objetivo tamb\u00e9m oferecer ao educando condi\u00e7\u00f5es adequadas e vivenciais reais para o desenvolvimento das compet\u00eancias sociais e profissionais. Preparar o aprendiz para o exerc\u00edcio de atividades profissionais visando sua integra\u00e7\u00e3o plena na sociedade.<\/p>\n<p style=\"padding-left: 30px;\"><strong>Prepara\u00e7\u00e3o para o trabalho I<\/strong><\/p>\n<p style=\"padding-left: 30px;\">Atende aprendizes que est\u00e3o iniciando no setor e outros que j\u00e1 o frequentam, com o objetivo de sondar as habilidades e aptid\u00f5es para o trabalho com atividades especificas. Tamb\u00e9m se d\u00e1 continuidade \u00e0s atividades de vida di\u00e1ria e pr\u00e1tica, visando sua independ\u00eancia e se poss\u00edvel, uma futura inser\u00e7\u00e3o no mercado de trabalho.<\/p>\n<p style=\"padding-left: 30px;\"><strong>Prepara\u00e7\u00e3o para o trabalho II e III<\/strong><\/p>\n<p style=\"padding-left: 30px;\">S\u00e3o caracterizadas com atividades de vida pr\u00e1tica, atividades acad\u00eamicas e experi\u00eancias diversificadas para que o aprendiz possa definir seu interesse, suas habilidades e aptid\u00f5es para o trabalho.<\/p>\n<p style=\"padding-left: 30px;\"><strong>Qualifica\u00e7\u00e3o para o trabalho \u2013 Marcenaria e Acabamento<\/strong><\/p>\n<p style=\"padding-left: 30px;\">Desenvolve atividades onde o aprendiz mostra suas habilidades necess\u00e1rias para desempenhar uma tarefa, executando-a com qualidade e responsabilidade, tendo como um dos objetivos o encaminhamento para o mercado de trabalho.<\/p>\n<p>[\/vc_column_text][\/vc_tta_section][\/vc_tta_accordion]<\/div>\n\t    <\/div><!-- Tab panes -->\n    <\/div>\n<\/div>[\/vc_column][\/vc_row]<\/p>\n","protected":false},"excerpt":{"rendered":"<p>[vc_row][vc_column][\/vc_column][\/vc_row]<\/p>\n","protected":false},"author":3,"featured_media":0,"parent":0,"menu_order":0,"comment_status":"closed","ping_status":"closed","template":"","meta":{"_monsterinsights_skip_tracking":false,"_monsterinsights_sitenote_active":false,"_monsterinsights_sitenote_note":"","_monsterinsights_sitenote_category":0,"footnotes":""},"class_list":["post-929","page","type-page","status-publish","hentry"],"aioseo_notices":[],"_links":{"self":[{"href":"https:\/\/www.apaelondrina.com.br\/index.php?rest_route=\/wp\/v2\/pages\/929"}],"collection":[{"href":"https:\/\/www.apaelondrina.com.br\/index.php?rest_route=\/wp\/v2\/pages"}],"about":[{"href":"https:\/\/www.apaelondrina.com.br\/index.php?rest_route=\/wp\/v2\/types\/page"}],"author":[{"embeddable":true,"href":"https:\/\/www.apaelondrina.com.br\/index.php?rest_route=\/wp\/v2\/users\/3"}],"replies":[{"embeddable":true,"href":"https:\/\/www.apaelondrina.com.br\/index.php?rest_route=%2Fwp%2Fv2%2Fcomments&post=929"}],"version-history":[{"count":12,"href":"https:\/\/www.apaelondrina.com.br\/index.php?rest_route=\/wp\/v2\/pages\/929\/revisions"}],"predecessor-version":[{"id":957,"href":"https:\/\/www.apaelondrina.com.br\/index.php?rest_route=\/wp\/v2\/pages\/929\/revisions\/957"}],"wp:attachment":[{"href":"https:\/\/www.apaelondrina.com.br\/index.php?rest_route=%2Fwp%2Fv2%2Fmedia&parent=929"}],"curies":[{"name":"wp","href":"https:\/\/api.w.org\/{rel}","templated":true}]}}