{"id":37,"date":"2017-09-29T01:16:25","date_gmt":"2017-09-29T04:16:25","guid":{"rendered":"http:\/\/demo.cmssuperheroes.com\/themeforest\/wp-causes\/?page_id=37"},"modified":"2020-02-05T10:05:38","modified_gmt":"2020-02-05T13:05:38","slug":"contato","status":"publish","type":"page","link":"https:\/\/www.apaelondrina.com.br\/?page_id=37","title":{"rendered":"APAE Londrina &#8211; Contato"},"content":{"rendered":"<p>[vc_row row_visible=&#8221;&#8221; css=&#8221;.vc_custom_1525115250032{margin-bottom: 81px !important;}&#8221;][vc_column][vc_custom_heading heading_layout=&#8221;custom_heading_2&#8243; text=&#8221;Entre em contato&#8221; font_container=&#8221;tag:h2|font_size:40px|text_align:center&#8221; google_fonts=&#8221;font_family:brownbold%3Aregular|font_style:400%20Normal%3A400%3Anormal&#8221; line_bottom=&#8221;true&#8221; sub_title=&#8221;Podemos ajudar? Em caso de d\u00favidas, cr\u00edticas, sugest\u00f5es ou demais informa\u00e7\u00f5es, entre em contato.&#8221; line_color=&#8221;#1ed670&#8243; css=&#8221;.vc_custom_1526577397812{margin-bottom: 70px !important;}&#8221;][\/vc_column][\/vc_row][vc_row full_width=&#8221;stretch_row&#8221; row_visible=&#8221;&#8221; css=&#8221;.vc_custom_1506654514476{padding-bottom: 80px !important;background-color: #f6f5f5 !important;}&#8221;][vc_column]\n<div class=\"wpcf7 no-js\" id=\"wpcf7-f701-o1\" lang=\"en-US\" dir=\"ltr\">\n<div class=\"screen-reader-response\"><p role=\"status\" aria-live=\"polite\" aria-atomic=\"true\"><\/p> <ul><\/ul><\/div>\n<form action=\"\/index.php?rest_route=%2Fwp%2Fv2%2Fpages%2F37#wpcf7-f701-o1\" method=\"post\" class=\"wpcf7-form init\" aria-label=\"Contact form\" novalidate=\"novalidate\" data-status=\"init\">\n<div style=\"display: none;\">\n<input type=\"hidden\" name=\"_wpcf7\" value=\"701\" \/>\n<input type=\"hidden\" name=\"_wpcf7_version\" value=\"5.9.8\" \/>\n<input type=\"hidden\" name=\"_wpcf7_locale\" value=\"en_US\" \/>\n<input type=\"hidden\" name=\"_wpcf7_unit_tag\" value=\"wpcf7-f701-o1\" \/>\n<input type=\"hidden\" name=\"_wpcf7_container_post\" value=\"0\" \/>\n<input type=\"hidden\" name=\"_wpcf7_posted_data_hash\" value=\"\" \/>\n<\/div>\n<div class=\"contact-us\">\n\t<h3 class=\"title\">Deixe-nos uma mensagem\n\t<\/h3>\n\t<p class=\"sub-title\">Responderemos o mais breve poss\u00edvel.\n\t<\/p>\n\t<div class=\"row\">\n\t\t<div class=\"col-xs-12 col-md-4\">\n\t\t\t<p><span class=\"wpcf7-form-control-wrap\" data-name=\"your-name\"><input size=\"40\" maxlength=\"400\" class=\"wpcf7-form-control wpcf7-text wpcf7-validates-as-required name\" id=\"name\" aria-required=\"true\" aria-invalid=\"false\" placeholder=\"Nome*\" value=\"\" type=\"text\" name=\"your-name\" \/><\/span>\n\t\t\t<\/p>\n\t\t<\/div>\n\t\t<div class=\"col-xs-12 col-md-4\">\n\t\t\t<p><span class=\"wpcf7-form-control-wrap\" data-name=\"email\"><input size=\"40\" maxlength=\"400\" class=\"wpcf7-form-control wpcf7-email wpcf7-validates-as-required wpcf7-text wpcf7-validates-as-email email\" id=\"email\" aria-required=\"true\" aria-invalid=\"false\" placeholder=\"E-mail*\" value=\"\" type=\"email\" name=\"email\" \/><\/span>\n\t\t\t<\/p>\n\t\t<\/div>\n\t\t<div class=\"col-xs-12 col-md-4\">\n\t\t\t<p><span class=\"wpcf7-form-control-wrap\" data-name=\"subject\"><input size=\"40\" maxlength=\"400\" class=\"wpcf7-form-control wpcf7-text wpcf7-validates-as-required subject\" id=\"subject\" aria-required=\"true\" aria-invalid=\"false\" placeholder=\"Assunto*\" value=\"\" type=\"text\" name=\"subject\" \/><\/span>\n\t\t\t<\/p>\n\t\t<\/div>\n\t<\/div>\n\t<p><span class=\"wpcf7-form-control-wrap\" data-name=\"message\"><textarea cols=\"40\" rows=\"10\" maxlength=\"2000\" class=\"wpcf7-form-control wpcf7-textarea wpcf7-validates-as-required message\" id=\"message\" aria-required=\"true\" aria-invalid=\"false\" placeholder=\"Mensagem*\" name=\"message\"><\/textarea><\/span><br \/>\n<input class=\"wpcf7-form-control wpcf7-submit has-spinner sub\" id=\"sub\" type=\"submit\" value=\"Enviar Mensagem\" \/>\n\t<\/p>\n<\/div><div class=\"wpcf7-response-output\" aria-hidden=\"true\"><\/div>\n<\/form>\n<\/div>\n[\/vc_column][\/vc_row][vc_row full_width=&#8221;stretch_row&#8221; el_class=&#8221;move-top&#8221; row_visible=&#8221;&#8221; css=&#8221;.vc_custom_1506656269740{padding-bottom: 50px !important;background-color: #f6f5f5 !important;}&#8221;][vc_column offset=&#8221;vc_col-lg-offset-1 vc_col-lg-3 vc_col-md-4&#8243; css=&#8221;.vc_custom_1506654754568{padding-top: 0px !important;}&#8221;][cms_fancybox_single fancybox_style=&#8221;fancybox-1&#8243; title_item=&#8221;Telefone&#8221; type_content=&#8221;phone&#8221; description_item=&#8221;\u3164 \u3164 \u3164 \u3164 (43) 3305-5924 &#8211; APAE Londrina\u3164 \u3164 \u3164 \u3164 (43) 3351-4004 &#8211; Central de Doa\u00e7\u00f5es&#8221; cms_template=&#8221;cms_fancybox_single.php&#8221; select_image=&#8221;43&#8243;][\/vc_column][vc_column offset=&#8221;vc_col-lg-4 vc_col-md-4&#8243; css=&#8221;.vc_custom_1506654749121{padding-top: 0px !important;}&#8221;][cms_fancybox_single fancybox_style=&#8221;fancybox-1&#8243; title_item=&#8221;Endere\u00e7o&#8221; description_item=&#8221;Av. Robert Koch, 11 &#8211; H.U., Londrina, PR &#8211; 86038-350&#8243; cms_template=&#8221;cms_fancybox_single.php&#8221; select_image=&#8221;44&#8243;][\/vc_column][vc_column offset=&#8221;vc_col-lg-3 vc_col-md-4&#8243; css=&#8221;.vc_custom_1506654744395{padding-top: 0px !important;}&#8221;][cms_fancybox_single fancybox_style=&#8221;fancybox-1&#8243; title_item=&#8221;E-mail&#8221; type_content=&#8221;email&#8221; description_item=&#8221;centraldoacoes@apaelondrina.com.br&#8221; cms_template=&#8221;cms_fancybox_single.php&#8221; select_image=&#8221;45&#8243;][\/vc_column][\/vc_row][vc_row full_width=&#8221;stretch_row_content_no_spaces&#8221;][vc_column][vc_gmaps link=&#8221;#E-8_JTNDaWZyYW1lJTIwc3JjJTNEJTIyaHR0cHMlM0ElMkYlMkZ3d3cuZ29vZ2xlLmNvbSUyRm1hcHMlMkZlbWJlZCUzRnBiJTNEJTIxMW0xNCUyMTFtOCUyMTFtMyUyMTFkMTQ2NTUuMDg2MTAxNDE5NDE0JTIxMmQtNTEuMTI5NDIzNiUyMTNkLTIzLjMyNDA0NyUyMTNtMiUyMTFpMTAyNCUyMTJpNzY4JTIxNGYxMy4xJTIxM20zJTIxMW0yJTIxMXMweDAlMjUzQTB4YzhkNWJlNjg2NmFjYTBjMCUyMTJzQVBBRSUyQkFzc29jaWElMjVDMyUyNUE3JTI1QzMlMjVBM28lMkJQYWlzJTJCQW1pZ29zJTJCRXhjZXBjaW9uYWlzJTJCZGUlMkJMb25kcmluYSUyMTVlMCUyMTNtMiUyMTFzcHQtQlIlMjEyc2JyJTIxNHYxNTI1MTE0NzE2ODMwJTIyJTIwd2lkdGglM0QlMjI2MDAlMjIlMjBoZWlnaHQlM0QlMjI0NTAlMjIlMjBmcmFtZWJvcmRlciUzRCUyMjAlMjIlMjBzdHlsZSUzRCUyMmJvcmRlciUzQTAlMjIlMjBhbGxvd2Z1bGxzY3JlZW4lM0UlM0MlMkZpZnJhbWUlM0U=&#8221;][\/vc_column][\/vc_row]<\/p>\n","protected":false},"excerpt":{"rendered":"<p>[vc_row row_visible=&#8221;&#8221; css=&#8221;.vc_custom_1525115250032{margin-bottom: 81px !important;}&#8221;][vc_column][vc_custom_heading heading_layout=&#8221;custom_heading_2&#8243; text=&#8221;Entre em contato&#8221; font_container=&#8221;tag:h2|font_size:40px|text_align:center&#8221; google_fonts=&#8221;font_family:brownbold%3Aregular|font_style:400%20Normal%3A400%3Anormal&#8221; line_bottom=&#8221;true&#8221; sub_title=&#8221;Podemos ajudar? Em caso de d\u00favidas, cr\u00edticas, sugest\u00f5es ou demais informa\u00e7\u00f5es, entre em contato.&#8221; line_color=&#8221;#1ed670&#8243; css=&#8221;.vc_custom_1526577397812{margin-bottom: 70px !important;}&#8221;][\/vc_column][\/vc_row][vc_row full_width=&#8221;stretch_row&#8221; row_visible=&#8221;&#8221; css=&#8221;.vc_custom_1506654514476{padding-bottom: 80px !important;background-color: #f6f5f5 !important;}&#8221;][vc_column][\/vc_column][\/vc_row][vc_row full_width=&#8221;stretch_row&#8221; el_class=&#8221;move-top&#8221; row_visible=&#8221;&#8221; css=&#8221;.vc_custom_1506656269740{padding-bottom: 50px !important;background-color: #f6f5f5 !important;}&#8221;][vc_column offset=&#8221;vc_col-lg-offset-1 vc_col-lg-3 vc_col-md-4&#8243; css=&#8221;.vc_custom_1506654754568{padding-top: 0px !important;}&#8221;][cms_fancybox_single fancybox_style=&#8221;fancybox-1&#8243; title_item=&#8221;Telefone&#8221; type_content=&#8221;phone&#8221; description_item=&#8221;\u3164 [&hellip;]<\/p>\n","protected":false},"author":3,"featured_media":0,"parent":0,"menu_order":0,"comment_status":"closed","ping_status":"closed","template":"","meta":{"_monsterinsights_skip_tracking":false,"_monsterinsights_sitenote_active":false,"_monsterinsights_sitenote_note":"","_monsterinsights_sitenote_category":0,"footnotes":""},"class_list":["post-37","page","type-page","status-publish","hentry"],"aioseo_notices":[],"_links":{"self":[{"href":"https:\/\/www.apaelondrina.com.br\/index.php?rest_route=\/wp\/v2\/pages\/37"}],"collection":[{"href":"https:\/\/www.apaelondrina.com.br\/index.php?rest_route=\/wp\/v2\/pages"}],"about":[{"href":"https:\/\/www.apaelondrina.com.br\/index.php?rest_route=\/wp\/v2\/types\/page"}],"author":[{"embeddable":true,"href":"https:\/\/www.apaelondrina.com.br\/index.php?rest_route=\/wp\/v2\/users\/3"}],"replies":[{"embeddable":true,"href":"https:\/\/www.apaelondrina.com.br\/index.php?rest_route=%2Fwp%2Fv2%2Fcomments&post=37"}],"version-history":[{"count":11,"href":"https:\/\/www.apaelondrina.com.br\/index.php?rest_route=\/wp\/v2\/pages\/37\/revisions"}],"predecessor-version":[{"id":2913,"href":"https:\/\/www.apaelondrina.com.br\/index.php?rest_route=\/wp\/v2\/pages\/37\/revisions\/2913"}],"wp:attachment":[{"href":"https:\/\/www.apaelondrina.com.br\/index.php?rest_route=%2Fwp%2Fv2%2Fmedia&parent=37"}],"curies":[{"name":"wp","href":"https:\/\/api.w.org\/{rel}","templated":true}]}}