{"id":1040,"date":"2018-04-30T10:12:00","date_gmt":"2018-04-30T13:12:00","guid":{"rendered":"https:\/\/www.apaelondrina.com.br\/?page_id=1040"},"modified":"2020-01-30T14:54:02","modified_gmt":"2020-01-30T17:54:02","slug":"doacao","status":"publish","type":"page","link":"https:\/\/www.apaelondrina.com.br\/?page_id=1040","title":{"rendered":"APAE Londrina &#8211; Fa\u00e7a uma doa\u00e7\u00e3o"},"content":{"rendered":"<p>[vc_row][vc_column]<div class=\"vc-bootstrap-tabs row\">\n\t\n\t<div class=\"col-xs-12 col-sm-12 col-md-4 col-lg-3\">\n\n\t\t<div class=\"wrap-nav\">\n\n\t\t\t<h4>Conte\u00fados<\/h4>\n\t\t\t\n\t\t\t<ul class=\"nav nav-tabs\" role=\"tablist\">\n\n\t\t        \n<li class=\"nav-tab active\">\n\n    <a href=\"#tab-1-1777490150594\" aria-controls=\"tab-1-1777490150594\" role=\"tab\" data-toggle=\"tab\">\n\n        <i class='zmdi-flower-alt'><\/i>Como ajudar?    <\/a>\n<\/li>\n\n<li class=\"nav-tab \">\n\n    <a href=\"#tab-2-1777490150384\" aria-controls=\"tab-2-1777490150384\" role=\"tab\" data-toggle=\"tab\">\n\n        <i class='zmdi-flower-alt'><\/i>Central de Doa\u00e7\u00f5es    <\/a>\n<\/li>\n\n\t\t    <\/ul><!-- Nav tabs -->\n\t    <\/div>\n    <\/div>\n\n    <div class=\"col-xs-12 col-sm-12 col-md-8 col-lg-9\">\n\n\t    <div class=\"tab-content\">\n\n\t        <div role=\"tabpanel\" class=\"tab-pane active\" id=\"tab-1-1777490150594\">[vc_row_inner][vc_column_inner][vc_custom_heading heading_layout=&#8221;custom_heading_1&#8243; text=&#8221;Como ajudar?&#8221; font_container=&#8221;tag:h2|font_size:32px|text_align:left|color:%23000000&#8243; google_fonts=&#8221;font_family:Roboto%3A100%2C100italic%2C300%2C300italic%2Cregular%2Citalic%2C500%2C500italic%2C700%2C700italic%2C900%2C900italic|font_style:500%20bold%20regular%3A500%3Anormal&#8221; css=&#8221;.vc_custom_1539198020687{margin-bottom: 16px !important;}&#8221;][vc_empty_space][vc_column_text]Sua contribui\u00e7\u00e3o faz toda a diferen\u00e7a para que a APAE de Londrina continue trabalhando com o objetivo de que cada pessoa com Defici\u00eancia Intelectual conquiste a sua autonomia e a sua emancipa\u00e7\u00e3o como cidad\u00e3o.<\/p>\n<p>Confira abaixo as diversas formas de ajudar.[\/vc_column_text][\/vc_column_inner][\/vc_row_inner][vc_tta_accordion c_position=&#8221;right&#8221; active_section=&#8221;4&#8243; collapsible_all=&#8221;true&#8221;][vc_tta_section title=&#8221;Doa\u00e7\u00e3o pessoa f\u00edsica ou jur\u00eddica&#8221; tab_id=&#8221;1525100614656-ec01e627-ae42&#8243;][vc_column_text]Acesse a p\u00e1gina de cadastro de doador, preencha o formul\u00e1rio e aguarde a liga\u00e7\u00e3o da nossa Central de Doa\u00e7\u00f5es.<br \/>\nDoe e ajude a fazer a diferen\u00e7a na vida de centenas de crian\u00e7as.[\/vc_column_text][cms_button dis_inline=&#8221;&#8221; link_button=&#8221;url:https%3A%2F%2Fwww.apaelondrina.com.br%2F%3Fpage_id%3D1825|title:Preencher%20formul%C3%A1rio||&#8221; cms_template=&#8221;cms_button.php&#8221;][\/vc_tta_section][vc_tta_section title=&#8221;Doa\u00e7\u00e3o dedut\u00edvel do Imposto de Renda&#8221; tab_id=&#8221;1525100614660-2d2c7ab5-42b1&#8243;][vc_column_text]<strong>Voc\u00ea sabia que o seu imposto de renda pode fazer a diferen\u00e7a na vida dos alunos da APAE?<\/strong><\/p>\n<p>Sua contribui\u00e7\u00e3o pode ser feita atrav\u00e9s da destina\u00e7\u00e3o do Imposto de Renda, o valor destinado \u00e9 abatido do seu imposto, n\u00e3o pesa no seu bolso e com isso voc\u00ea pode ajudar a 320 alunos especiais que muito precisam de voc\u00ea.<\/p>\n<p>Com sua destina\u00e7\u00e3o podemos melhorar nosso atendimento atrav\u00e9s da compra de equipamentos, alimentos, materiais escolares, de limpeza, materiais artesanais e at\u00e9 realizar constru\u00e7\u00f5es, para cada vez mais, realizarmos servi\u00e7os especializados que s\u00e3o prestados com toda qualidade a pessoas t\u00e3o especiais.<\/p>\n<p>Pessoas f\u00edsicas podem destinar at\u00e9 6% do seu imposto de renda devido e pessoas jur\u00eddicas at\u00e9 1% do imposto de renda, desde que a empresa utilize-se da tributa\u00e7\u00e3o pelo lucro real.<\/p>\n<p>O valor que voc\u00ea destinar ser\u00e1 repassado para nossa entidade atrav\u00e9s do Fundo Municipal dos Direitos da Crian\u00e7a e do Adolescente (FMDCA). E a APAE prestar\u00e1 contas para o munic\u00edpio, dos valores recebidos e qual a forma de utiliza\u00e7\u00e3o.<\/p>\n<p>Viu s\u00f3 como voc\u00ea pode nos ajudar sem pesar no seu bolso?<\/p>\n<p>Para mais informa\u00e7\u00f5es consulte seu profissional cont\u00e1bil.[\/vc_column_text][\/vc_tta_section][vc_tta_section title=&#8221;Projeto Empresa Amiga da APAE&#8221; tab_id=&#8221;1525100749572-547a0e94-844a&#8221;][vc_column_text]Saiba como promover sua empresa e ajudar a entidade, entrando em contato com a Central de Doa\u00e7\u00f5es da APAE de Londrina pelo telefone (43) 3351-4004.<\/p>\n<p>A APAE Londrina convida sua empresa a participar do projeto \u201cEMPRESA AMIGA DA APAE\u201d. Este \u00e9 um projeto de \u201cMARKETING SOCIAL\u201d que tem como objetivo promover o trabalho da entidade junto \u00e0 comunidade. Al\u00e9m da empresa contribuir na divulga\u00e7\u00e3o de um trabalho s\u00e9rio e necess\u00e1rio para nossa comunidade, ainda ter\u00e1 o benef\u00edcio da divulga\u00e7\u00e3o de sua marca atrav\u00e9s das campanhas promovidas pela entidade.<\/p>\n<ul>\n<li>A empresa poder\u00e1 utilizar o selo \u201cEmpresa Amiga APAE\u201d em seus produtos, uniformes e material publicit\u00e1rio.<\/li>\n<li>Sua empresa ser\u00e1 divulgada na cidade atrav\u00e9s de campanha espec\u00edfica.<\/li>\n<li>Publicaremos tamb\u00e9m um logotipo de sua empresa em nosso site.<\/li>\n<\/ul>\n<p>Al\u00e9m de sua empresa abra\u00e7ar uma causa de cunho social, tamb\u00e9m divulgar\u00e1 sua marca a muitas pessoas, aumentando assim seu n\u00famero de clientes.<\/p>\n<p><strong>Transforme sua empresa! Adote esta ideia!<\/strong><\/p>\n<p>\u00c9 f\u00e1cil ajudar! Sua empresa participar\u00e1 dos projetos de MARKETING SOCIAL promovidos pela APAE de Londrina e assim ajudar\u00e1 nossa entidade a levar adiante este importante trabalho social.<\/p>\n<p><strong>Fa\u00e7a a diferen\u00e7a, seja socialmente respons\u00e1vel. Voc\u00ea s\u00f3 tem a ganhar!<\/strong><br \/>\n<strong>A APAE de Londrina Agradece todas as Empresas Amigas.<\/strong>[\/vc_column_text][\/vc_tta_section][vc_tta_section title=&#8221;Seja um S\u00f3cio Contribuinte&#8221; tab_id=&#8221;1525100794582-a4508656-1292&#8243;][vc_column_text]Seja um associado contribuindo de forma mensal e ajude a APAE de Londrina. A sua contribui\u00e7\u00e3o \u00e9 fundamental para manter a qualidade e excel\u00eancia dos servi\u00e7os oferecidos aos alunos, jovens e adultos com defici\u00eancia intelectual. \u00c9 com esta doa\u00e7\u00e3o que nossa organiza\u00e7\u00e3o promove autonomia e a emancipa\u00e7\u00e3o dessas pessoas.<br \/>\nPara mais informa\u00e7\u00f5es sobre como se tornar um associado, <a href=\"https:\/\/www.apaelondrina.com.br\/?page_id=1825\">fale com a gente<\/a>.[\/vc_column_text][\/vc_tta_section][vc_tta_section title=&#8221;Contribua com nosso bazar&#8221; tab_id=&#8221;1539198627520-700da7d2-b5ac&#8221;][vc_column_text]A APAE de Londrina organiza todos os meses, nas depend\u00eancias da escola, o Bazar do Cacareco.<\/p>\n<p>No Bazar do Cacareco s\u00e3o colocadas \u00e0 venda para o p\u00fablico, objetos doados por toda a comunidade e empresas. As doa\u00e7\u00f5es para o bazar s\u00e3o recolhidas, selecionadas, avaliadas e por fim fazemos a precifica\u00e7\u00e3o.<\/p>\n<p>Antes da realiza\u00e7\u00e3o do Bazar do Cacareco fazemos a divulga\u00e7\u00e3o do evento atrav\u00e9s dos pais dos alunos, e em diversos estabelecimentos do bairro pr\u00f3ximos \u00e0 APAE de Londrina.<\/p>\n<p>Voc\u00ea pode ajudar o BAZAR DO CACARECO da APAE de Londrina doando objetos novos e usados, de revenda, ponta de estoque ou fora de linha, mas em bom estado, como:<\/p>\n<ul>\n<li>Roupas e Cal\u00e7ados<\/li>\n<li>Brinquedos<\/li>\n<li>Material esportivo e de Recrea\u00e7\u00e3o.<\/li>\n<li>Equipamentos de inform\u00e1tica<\/li>\n<li>Eletrodom\u00e9sticos e Eletroeletr\u00f4nicos<\/li>\n<li>Utens\u00edlios dom\u00e9sticos<\/li>\n<li>M\u00f3veis e Artigos de decora\u00e7\u00e3o<\/li>\n<li>Enxoval \u2013 cama, mesa e banho<\/li>\n<li>Etc.<\/li>\n<\/ul>\n<p>Para agendar a retirada de doa\u00e7\u00f5es ou mais informa\u00e7\u00f5es, <a href=\"https:\/\/www.apaelondrina.com.br\/?page_id=1825\">entre em contato<\/a>.[\/vc_column_text][\/vc_tta_section][vc_tta_section title=&#8221;Doe produtos ou servi\u00e7os&#8221; tab_id=&#8221;1539198699704-66f49e19-967a&#8221;][vc_column_text]Toda doa\u00e7\u00e3o ou contribui\u00e7\u00e3o s\u00e3o muito importantes para a APAE de Londrina. Tudo \u00e9 revertido em benef\u00edcio direto aos alunos, voc\u00ea pode doar produtos e servi\u00e7os. Se voc\u00ea se identifica com a nossa causa e tem d\u00favidas sobre como e com o que pode contribuir, <a href=\"https:\/\/www.apaelondrina.com.br\/?page_id=1825\">entre em contato<\/a> conosco e tire suas d\u00favidas.<\/p>\n<p>Participe e colabore com nossos projetos![\/vc_column_text][\/vc_tta_section][\/vc_tta_accordion]<\/div><div role=\"tabpanel\" class=\"tab-pane \" id=\"tab-2-1777490150384\">[vc_row_inner][vc_column_inner][vc_custom_heading heading_layout=&#8221;custom_heading_1&#8243; text=&#8221;Central de Doa\u00e7\u00f5es&#8221; font_container=&#8221;tag:h2|font_size:32px|text_align:left|color:%23000000&#8243; google_fonts=&#8221;font_family:Roboto%3A100%2C100italic%2C300%2C300italic%2Cregular%2Citalic%2C500%2C500italic%2C700%2C700italic%2C900%2C900italic|font_style:500%20bold%20regular%3A500%3Anormal&#8221; css=&#8221;.vc_custom_1525094452680{margin-bottom: 16px !important;}&#8221;][vc_column_text]Com miss\u00e3o direta de captar recursos e aplic\u00e1-los diretamente em nossa institui\u00e7\u00e3o, surge a central de doa\u00e7\u00f5es.<\/p>\n<p>Respons\u00e1vel tamb\u00e9m pela elabora\u00e7\u00e3o e divulga\u00e7\u00e3o de campanhas que visam aumentar arrecada\u00e7\u00e3o de recursos, sempre destinando diretamente em prol de nossos alunos.<\/p>\n<p>O mais importante de tudo: sem qualquer fim lucrativo! Todo recurso doado \u00e9 auditado (fiscalizado) e tem o mesmo destino.<\/p>\n<p>Conhe\u00e7a nossa central de doa\u00e7\u00f5es, projetos e campanhas em vig\u00eancia.<\/p>\n<p>Fa\u00e7a-nos uma visita.<\/p>\n<p><strong>Contato &#8211; Central de Doa\u00e7\u00f5es<\/strong><\/p>\n<p><strong>Telefone<\/strong>: (43) 3351-4004<br \/>\n<strong>E-mail<\/strong>: centraldoacoes@apaelondrina.com.br<br \/>\n<strong>Endere\u00e7o<\/strong>: Av. Robert Koch, n.11 \u2013 Vila Oper\u00e1ria \u2013 Londrina, PR[\/vc_column_text][vc_video link=&#8221;https:\/\/www.youtube.com\/watch?v=KfBUVQgPClo&#8221;][\/vc_column_inner][\/vc_row_inner]<\/div>\n\t    <\/div><!-- Tab panes -->\n    <\/div>\n<\/div>[\/vc_column][\/vc_row]<\/p>\n","protected":false},"excerpt":{"rendered":"<p>[vc_row][vc_column][\/vc_column][\/vc_row]<\/p>\n","protected":false},"author":3,"featured_media":0,"parent":0,"menu_order":0,"comment_status":"closed","ping_status":"closed","template":"","meta":{"_monsterinsights_skip_tracking":false,"_monsterinsights_sitenote_active":false,"_monsterinsights_sitenote_note":"","_monsterinsights_sitenote_category":0,"footnotes":""},"class_list":["post-1040","page","type-page","status-publish","hentry"],"aioseo_notices":[],"_links":{"self":[{"href":"https:\/\/www.apaelondrina.com.br\/index.php?rest_route=\/wp\/v2\/pages\/1040"}],"collection":[{"href":"https:\/\/www.apaelondrina.com.br\/index.php?rest_route=\/wp\/v2\/pages"}],"about":[{"href":"https:\/\/www.apaelondrina.com.br\/index.php?rest_route=\/wp\/v2\/types\/page"}],"author":[{"embeddable":true,"href":"https:\/\/www.apaelondrina.com.br\/index.php?rest_route=\/wp\/v2\/users\/3"}],"replies":[{"embeddable":true,"href":"https:\/\/www.apaelondrina.com.br\/index.php?rest_route=%2Fwp%2Fv2%2Fcomments&post=1040"}],"version-history":[{"count":24,"href":"https:\/\/www.apaelondrina.com.br\/index.php?rest_route=\/wp\/v2\/pages\/1040\/revisions"}],"predecessor-version":[{"id":2908,"href":"https:\/\/www.apaelondrina.com.br\/index.php?rest_route=\/wp\/v2\/pages\/1040\/revisions\/2908"}],"wp:attachment":[{"href":"https:\/\/www.apaelondrina.com.br\/index.php?rest_route=%2Fwp%2Fv2%2Fmedia&parent=1040"}],"curies":[{"name":"wp","href":"https:\/\/api.w.org\/{rel}","templated":true}]}}

APAE Londrina &#8211; Faça uma doação

<p>[vc_row][vc_column]<div class="vc-bootstrap-tabs row">
	
	<div class="col-xs-12 col-sm-12 col-md-4 col-lg-3">

		<div class="wrap-nav">

			<h4>Conteúdos</h4>
			
			<ul class="nav nav-tabs" role="tablist">

		        
<li class="nav-tab active">

    <a href="#tab-1-1777490150594" aria-controls="tab-1-1777490150594" role="tab" data-toggle="tab">

        <i class='zmdi-flower-alt'></i>Como ajudar?    </a>
</li>

<li class="nav-tab ">

    <a href="#tab-2-1777490150384" aria-controls="tab-2-1777490150384" role="tab" data-toggle="tab">

        <i class='zmdi-flower-alt'></i>Central de Doações    </a>
</li>

		    </ul><!-- Nav tabs -->
	    </div>
    </div>

    <div class="col-xs-12 col-sm-12 col-md-8 col-lg-9">

	    <div class="tab-content">

	        <div role="tabpanel" class="tab-pane active" id="tab-1-1777490150594">[vc_row_inner][vc_column_inner][vc_custom_heading heading_layout=&#8221;custom_heading_1&#8243; text=&#8221;Como ajudar?&#8221; font_container=&#8221;tag:h2|font_size:32px|text_align:left|color:%23000000&#8243; google_fonts=&#8221;font_family:Roboto%3A100%2C100italic%2C300%2C300italic%2Cregular%2Citalic%2C500%2C500italic%2C700%2C700italic%2C900%2C900italic|font_style:500%20bold%20regular%3A500%3Anormal&#8221; css=&#8221;.vc_custom_1539198020687{margin-bottom: 16px !important;}&#8221;][vc_empty_space][vc_column_text]Sua contribuição faz toda a diferença para que a APAE de Londrina continue trabalhando com o objetivo de que cada pessoa com Deficiência Intelectual conquiste a sua autonomia e a sua emancipação como cidadão.</p>
<p>Confira abaixo as diversas formas de ajudar.[/vc_column_text][/vc_column_inner][/vc_row_inner][vc_tta_accordion c_position=&#8221;right&#8221; active_section=&#8221;4&#8243; collapsible_all=&#8221;true&#8221;][vc_tta_section title=&#8221;Doação pessoa física ou jurídica&#8221; tab_id=&#8221;1525100614656-ec01e627-ae42&#8243;][vc_column_text]Acesse a página de cadastro de doador, preencha o formulário e aguarde a ligação da nossa Central de Doações.<br />
Doe e ajude a fazer a diferença na vida de centenas de crianças.[/vc_column_text][cms_button dis_inline=&#8221;&#8221; link_button=&#8221;url:https%3A%2F%2Fwww.apaelondrina.com.br%2F%3Fpage_id%3D1825|title:Preencher%20formul%C3%A1rio||&#8221; cms_template=&#8221;cms_button.php&#8221;][/vc_tta_section][vc_tta_section title=&#8221;Doação dedutível do Imposto de Renda&#8221; tab_id=&#8221;1525100614660-2d2c7ab5-42b1&#8243;][vc_column_text]<strong>Você sabia que o seu imposto de renda pode fazer a diferença na vida dos alunos da APAE?</strong></p>
<p>Sua contribuição pode ser feita através da destinação do Imposto de Renda, o valor destinado é abatido do seu imposto, não pesa no seu bolso e com isso você pode ajudar a 320 alunos especiais que muito precisam de você.</p>
<p>Com sua destinação podemos melhorar nosso atendimento através da compra de equipamentos, alimentos, materiais escolares, de limpeza, materiais artesanais e até realizar construções, para cada vez mais, realizarmos serviços especializados que são prestados com toda qualidade a pessoas tão especiais.</p>
<p>Pessoas físicas podem destinar até 6% do seu imposto de renda devido e pessoas jurídicas até 1% do imposto de renda, desde que a empresa utilize-se da tributação pelo lucro real.</p>
<p>O valor que você destinar será repassado para nossa entidade através do Fundo Municipal dos Direitos da Criança e do Adolescente (FMDCA). E a APAE prestará contas para o município, dos valores recebidos e qual a forma de utilização.</p>
<p>Viu só como você pode nos ajudar sem pesar no seu bolso?</p>
<p>Para mais informações consulte seu profissional contábil.[/vc_column_text][/vc_tta_section][vc_tta_section title=&#8221;Projeto Empresa Amiga da APAE&#8221; tab_id=&#8221;1525100749572-547a0e94-844a&#8221;][vc_column_text]Saiba como promover sua empresa e ajudar a entidade, entrando em contato com a Central de Doações da APAE de Londrina pelo telefone (43) 3351-4004.</p>
<p>A APAE Londrina convida sua empresa a participar do projeto “EMPRESA AMIGA DA APAE”. Este é um projeto de “MARKETING SOCIAL” que tem como objetivo promover o trabalho da entidade junto à comunidade. Além da empresa contribuir na divulgação de um trabalho sério e necessário para nossa comunidade, ainda terá o benefício da divulgação de sua marca através das campanhas promovidas pela entidade.</p>
<ul>
<li>A empresa poderá utilizar o selo “Empresa Amiga APAE” em seus produtos, uniformes e material publicitário.</li>
<li>Sua empresa será divulgada na cidade através de campanha específica.</li>
<li>Publicaremos também um logotipo de sua empresa em nosso site.</li>
</ul>
<p>Além de sua empresa abraçar uma causa de cunho social, também divulgará sua marca a muitas pessoas, aumentando assim seu número de clientes.</p>
<p><strong>Transforme sua empresa! Adote esta ideia!</strong></p>
<p>É fácil ajudar! Sua empresa participará dos projetos de MARKETING SOCIAL promovidos pela APAE de Londrina e assim ajudará nossa entidade a levar adiante este importante trabalho social.</p>
<p><strong>Faça a diferença, seja socialmente responsável. Você só tem a ganhar!</strong><br />
<strong>A APAE de Londrina Agradece todas as Empresas Amigas.</strong>[/vc_column_text][/vc_tta_section][vc_tta_section title=&#8221;Seja um Sócio Contribuinte&#8221; tab_id=&#8221;1525100794582-a4508656-1292&#8243;][vc_column_text]Seja um associado contribuindo de forma mensal e ajude a APAE de Londrina. A sua contribuição é fundamental para manter a qualidade e excelência dos serviços oferecidos aos alunos, jovens e adultos com deficiência intelectual. É com esta doação que nossa organização promove autonomia e a emancipação dessas pessoas.<br />
Para mais informações sobre como se tornar um associado, <a href="https://www.apaelondrina.com.br/?page_id=1825">fale com a gente</a>.[/vc_column_text][/vc_tta_section][vc_tta_section title=&#8221;Contribua com nosso bazar&#8221; tab_id=&#8221;1539198627520-700da7d2-b5ac&#8221;][vc_column_text]A APAE de Londrina organiza todos os meses, nas dependências da escola, o Bazar do Cacareco.</p>
<p>No Bazar do Cacareco são colocadas à venda para o público, objetos doados por toda a comunidade e empresas. As doações para o bazar são recolhidas, selecionadas, avaliadas e por fim fazemos a precificação.</p>
<p>Antes da realização do Bazar do Cacareco fazemos a divulgação do evento através dos pais dos alunos, e em diversos estabelecimentos do bairro próximos à APAE de Londrina.</p>
<p>Você pode ajudar o BAZAR DO CACARECO da APAE de Londrina doando objetos novos e usados, de revenda, ponta de estoque ou fora de linha, mas em bom estado, como:</p>
<ul>
<li>Roupas e Calçados</li>
<li>Brinquedos</li>
<li>Material esportivo e de Recreação.</li>
<li>Equipamentos de informática</li>
<li>Eletrodomésticos e Eletroeletrônicos</li>
<li>Utensílios domésticos</li>
<li>Móveis e Artigos de decoração</li>
<li>Enxoval – cama, mesa e banho</li>
<li>Etc.</li>
</ul>
<p>Para agendar a retirada de doações ou mais informações, <a href="https://www.apaelondrina.com.br/?page_id=1825">entre em contato</a>.[/vc_column_text][/vc_tta_section][vc_tta_section title=&#8221;Doe produtos ou serviços&#8221; tab_id=&#8221;1539198699704-66f49e19-967a&#8221;][vc_column_text]Toda doação ou contribuição são muito importantes para a APAE de Londrina. Tudo é revertido em benefício direto aos alunos, você pode doar produtos e serviços. Se você se identifica com a nossa causa e tem dúvidas sobre como e com o que pode contribuir, <a href="https://www.apaelondrina.com.br/?page_id=1825">entre em contato</a> conosco e tire suas dúvidas.</p>
<p>Participe e colabore com nossos projetos![/vc_column_text][/vc_tta_section][/vc_tta_accordion]</div><div role="tabpanel" class="tab-pane " id="tab-2-1777490150384">[vc_row_inner][vc_column_inner][vc_custom_heading heading_layout=&#8221;custom_heading_1&#8243; text=&#8221;Central de Doações&#8221; font_container=&#8221;tag:h2|font_size:32px|text_align:left|color:%23000000&#8243; google_fonts=&#8221;font_family:Roboto%3A100%2C100italic%2C300%2C300italic%2Cregular%2Citalic%2C500%2C500italic%2C700%2C700italic%2C900%2C900italic|font_style:500%20bold%20regular%3A500%3Anormal&#8221; css=&#8221;.vc_custom_1525094452680{margin-bottom: 16px !important;}&#8221;][vc_column_text]Com missão direta de captar recursos e aplicá-los diretamente em nossa instituição, surge a central de doações.</p>
<p>Responsável também pela elaboração e divulgação de campanhas que visam aumentar arrecadação de recursos, sempre destinando diretamente em prol de nossos alunos.</p>
<p>O mais importante de tudo: sem qualquer fim lucrativo! Todo recurso doado é auditado (fiscalizado) e tem o mesmo destino.</p>
<p>Conheça nossa central de doações, projetos e campanhas em vigência.</p>
<p>Faça-nos uma visita.</p>
<p><strong>Contato &#8211; Central de Doações</strong></p>
<p><strong>Telefone</strong>: (43) 3351-4004<br />
<strong>E-mail</strong>: centraldoacoes@apaelondrina.com.br<br />
<strong>Endereço</strong>: Av. Robert Koch, n.11 – Vila Operária – Londrina, PR[/vc_column_text][vc_video link=&#8221;https://www.youtube.com/watch?v=KfBUVQgPClo&#8221;][/vc_column_inner][/vc_row_inner]</div>
	    </div><!-- Tab panes -->
    </div>
</div>[/vc_column][/vc_row]</p>
